{"id":3486,"date":"2020-03-24T07:48:45","date_gmt":"2020-03-24T07:48:45","guid":{"rendered":"https:\/\/husinvuosi2019.fi\/?page_id=1912"},"modified":"2021-11-16T11:24:30","modified_gmt":"2021-11-16T11:24:30","slug":"produktivitetsprogram","status":"publish","type":"page","link":"https:\/\/husinvuosi2019.fi\/sv\/hus-2019\/centrala-handelser\/produktivitetsprogram\/","title":{"rendered":"Produktivitetsprogram"},"content":{"rendered":"","protected":false},"excerpt":{"rendered":"<p>I maj 2019 startade verkst\u00e4llande direkt\u00f6r Juha Tuominen sammanst\u00e4llningen av ett produktivitetsprogram och utn\u00e4mnde en arbetsgrupp f\u00f6r beredandet av detta. Detta gjordes p\u00e5 grund av att v\u00e5r produktivitetsutveckling har visat en nedg\u00e5ng, och de uppsatta m\u00e5len har inte n\u00e5tts. <\/p>\n","protected":false},"author":24,"featured_media":2772,"parent":3492,"menu_order":3,"comment_status":"closed","ping_status":"closed","template":"","meta":[],"acf":[],"yoast_head":"<!-- This site is optimized with the Yoast SEO plugin v19.11 - https:\/\/yoast.com\/wordpress\/plugins\/seo\/ -->\n<title>Produktivitetsprogram - HUS Verkkokertomus 2019<\/title>\n<meta name=\"robots\" content=\"index, follow, max-snippet:-1, max-image-preview:large, max-video-preview:-1\" \/>\n<link rel=\"canonical\" href=\"https:\/\/husinvuosi2019.fi\/sv\/hus-2019\/centrala-handelser\/produktivitetsprogram\/\" \/>\n<meta property=\"og:locale\" content=\"fi_FI\" \/>\n<meta property=\"og:type\" content=\"article\" \/>\n<meta property=\"og:title\" content=\"Produktivitetsprogram - HUS Verkkokertomus 2019\" \/>\n<meta property=\"og:description\" content=\"I maj 2019 startade verkst\u00e4llande direkt\u00f6r Juha Tuominen sammanst\u00e4llningen av ett produktivitetsprogram och utn\u00e4mnde en arbetsgrupp f\u00f6r beredandet av detta. Detta gjordes p\u00e5 grund av att v\u00e5r produktivitetsutveckling har visat en nedg\u00e5ng, och de uppsatta m\u00e5len har inte n\u00e5tts.\" \/>\n<meta property=\"og:url\" content=\"https:\/\/husinvuosi2019.fi\/sv\/hus-2019\/centrala-handelser\/produktivitetsprogram\/\" \/>\n<meta property=\"og:site_name\" content=\"HUS Verkkokertomus 2019\" \/>\n<meta property=\"article:modified_time\" content=\"2021-11-16T11:24:30+00:00\" \/>\n<meta property=\"og:image\" content=\"https:\/\/husinvuosi2019.fi\/wp-content\/uploads\/sites\/2\/2020\/05\/tuottavuus_hus_sisataudit_ja_kuntoutus_09-2.jpg\" \/>\n\t<meta property=\"og:image:width\" content=\"2000\" \/>\n\t<meta property=\"og:image:height\" content=\"1335\" \/>\n\t<meta property=\"og:image:type\" content=\"image\/jpeg\" \/>\n<meta name=\"twitter:card\" content=\"summary_large_image\" \/>\n<script type=\"application\/ld+json\" class=\"yoast-schema-graph\">{\"@context\":\"https:\/\/schema.org\",\"@graph\":[{\"@type\":\"WebPage\",\"@id\":\"https:\/\/husinvuosi2019.fi\/sv\/hus-2019\/centrala-handelser\/produktivitetsprogram\/\",\"url\":\"https:\/\/husinvuosi2019.fi\/sv\/hus-2019\/centrala-handelser\/produktivitetsprogram\/\",\"name\":\"Produktivitetsprogram - HUS Verkkokertomus 2019\",\"isPartOf\":{\"@id\":\"https:\/\/husinvuosi2019.fi\/#website\"},\"datePublished\":\"2020-03-24T07:48:45+00:00\",\"dateModified\":\"2021-11-16T11:24:30+00:00\",\"breadcrumb\":{\"@id\":\"https:\/\/husinvuosi2019.fi\/sv\/hus-2019\/centrala-handelser\/produktivitetsprogram\/#breadcrumb\"},\"inLanguage\":\"fi\",\"potentialAction\":[{\"@type\":\"ReadAction\",\"target\":[\"https:\/\/husinvuosi2019.fi\/sv\/hus-2019\/centrala-handelser\/produktivitetsprogram\/\"]}]},{\"@type\":\"BreadcrumbList\",\"@id\":\"https:\/\/husinvuosi2019.fi\/sv\/hus-2019\/centrala-handelser\/produktivitetsprogram\/#breadcrumb\",\"itemListElement\":[{\"@type\":\"ListItem\",\"position\":1,\"name\":\"Etusivu\",\"item\":\"https:\/\/husinvuosi2019.fi\"},{\"@type\":\"ListItem\",\"position\":2,\"name\":\"HUS 2019\",\"item\":\"https:\/\/husinvuosi2019.fi\/sv\/hus-2019\/\"},{\"@type\":\"ListItem\",\"position\":3,\"name\":\"Centrala h\u00e4ndelser\",\"item\":\"https:\/\/husinvuosi2019.fi\/sv\/hus-2019\/centrala-handelser\/\"},{\"@type\":\"ListItem\",\"position\":4,\"name\":\"Produktivitetsprogram\"}]},{\"@type\":\"WebSite\",\"@id\":\"https:\/\/husinvuosi2019.fi\/#website\",\"url\":\"https:\/\/husinvuosi2019.fi\/\",\"name\":\"HUS Verkkokertomus 2019\",\"description\":\"\",\"potentialAction\":[{\"@type\":\"SearchAction\",\"target\":{\"@type\":\"EntryPoint\",\"urlTemplate\":\"https:\/\/husinvuosi2019.fi\/?s={search_term_string}\"},\"query-input\":\"required name=search_term_string\"}],\"inLanguage\":\"fi\"}]}<\/script>\n<!-- \/ Yoast SEO plugin. -->","yoast_head_json":{"title":"Produktivitetsprogram - HUS Verkkokertomus 2019","robots":{"index":"index","follow":"follow","max-snippet":"max-snippet:-1","max-image-preview":"max-image-preview:large","max-video-preview":"max-video-preview:-1"},"canonical":"https:\/\/husinvuosi2019.fi\/sv\/hus-2019\/centrala-handelser\/produktivitetsprogram\/","og_locale":"fi_FI","og_type":"article","og_title":"Produktivitetsprogram - HUS Verkkokertomus 2019","og_description":"I maj 2019 startade verkst\u00e4llande direkt\u00f6r Juha Tuominen sammanst\u00e4llningen av ett produktivitetsprogram och utn\u00e4mnde en arbetsgrupp f\u00f6r beredandet av detta. Detta gjordes p\u00e5 grund av att v\u00e5r produktivitetsutveckling har visat en nedg\u00e5ng, och de uppsatta m\u00e5len har inte n\u00e5tts.","og_url":"https:\/\/husinvuosi2019.fi\/sv\/hus-2019\/centrala-handelser\/produktivitetsprogram\/","og_site_name":"HUS Verkkokertomus 2019","article_modified_time":"2021-11-16T11:24:30+00:00","og_image":[{"width":2000,"height":1335,"url":"https:\/\/husinvuosi2019.fi\/wp-content\/uploads\/sites\/2\/2020\/05\/tuottavuus_hus_sisataudit_ja_kuntoutus_09-2.jpg","type":"image\/jpeg"}],"twitter_card":"summary_large_image","schema":{"@context":"https:\/\/schema.org","@graph":[{"@type":"WebPage","@id":"https:\/\/husinvuosi2019.fi\/sv\/hus-2019\/centrala-handelser\/produktivitetsprogram\/","url":"https:\/\/husinvuosi2019.fi\/sv\/hus-2019\/centrala-handelser\/produktivitetsprogram\/","name":"Produktivitetsprogram - HUS Verkkokertomus 2019","isPartOf":{"@id":"https:\/\/husinvuosi2019.fi\/#website"},"datePublished":"2020-03-24T07:48:45+00:00","dateModified":"2021-11-16T11:24:30+00:00","breadcrumb":{"@id":"https:\/\/husinvuosi2019.fi\/sv\/hus-2019\/centrala-handelser\/produktivitetsprogram\/#breadcrumb"},"inLanguage":"fi","potentialAction":[{"@type":"ReadAction","target":["https:\/\/husinvuosi2019.fi\/sv\/hus-2019\/centrala-handelser\/produktivitetsprogram\/"]}]},{"@type":"BreadcrumbList","@id":"https:\/\/husinvuosi2019.fi\/sv\/hus-2019\/centrala-handelser\/produktivitetsprogram\/#breadcrumb","itemListElement":[{"@type":"ListItem","position":1,"name":"Etusivu","item":"https:\/\/husinvuosi2019.fi"},{"@type":"ListItem","position":2,"name":"HUS 2019","item":"https:\/\/husinvuosi2019.fi\/sv\/hus-2019\/"},{"@type":"ListItem","position":3,"name":"Centrala h\u00e4ndelser","item":"https:\/\/husinvuosi2019.fi\/sv\/hus-2019\/centrala-handelser\/"},{"@type":"ListItem","position":4,"name":"Produktivitetsprogram"}]},{"@type":"WebSite","@id":"https:\/\/husinvuosi2019.fi\/#website","url":"https:\/\/husinvuosi2019.fi\/","name":"HUS Verkkokertomus 2019","description":"","potentialAction":[{"@type":"SearchAction","target":{"@type":"EntryPoint","urlTemplate":"https:\/\/husinvuosi2019.fi\/?s={search_term_string}"},"query-input":"required name=search_term_string"}],"inLanguage":"fi"}]}},"lang":"sv","translations":{"en":3063,"fi":1912,"sv":3486},"pll_sync_post":[],"_links":{"self":[{"href":"https:\/\/husinvuosi2019.fi\/wp-json\/wp\/v2\/pages\/3486"}],"collection":[{"href":"https:\/\/husinvuosi2019.fi\/wp-json\/wp\/v2\/pages"}],"about":[{"href":"https:\/\/husinvuosi2019.fi\/wp-json\/wp\/v2\/types\/page"}],"author":[{"embeddable":true,"href":"https:\/\/husinvuosi2019.fi\/wp-json\/wp\/v2\/users\/24"}],"replies":[{"embeddable":true,"href":"https:\/\/husinvuosi2019.fi\/wp-json\/wp\/v2\/comments?post=3486"}],"version-history":[{"count":1,"href":"https:\/\/husinvuosi2019.fi\/wp-json\/wp\/v2\/pages\/3486\/revisions"}],"predecessor-version":[{"id":4318,"href":"https:\/\/husinvuosi2019.fi\/wp-json\/wp\/v2\/pages\/3486\/revisions\/4318"}],"up":[{"embeddable":true,"href":"https:\/\/husinvuosi2019.fi\/wp-json\/wp\/v2\/pages\/3492"}],"wp:featuredmedia":[{"embeddable":true,"href":"https:\/\/husinvuosi2019.fi\/wp-json\/wp\/v2\/media\/2772"}],"wp:attachment":[{"href":"https:\/\/husinvuosi2019.fi\/wp-json\/wp\/v2\/media?parent=3486"}],"curies":[{"name":"wp","href":"https:\/\/api.w.org\/{rel}","templated":true}]}}